re the prime factors of 154204820?
2, 5, 7, 11, 9103
What are the prime factors of 116162838?
2, 3, 11, 107, 5483
List the prime factors of 3049699350.
2, 3, 5, 20331329
List the prime factors of 3364447164.
2, 3, 13, 83, 197, 1319
List the prime factors of 1659851520.
2, 3, 5, 313, 1381
List the prime factors of 1749773973.
3, 19, 30697789
What are the prime factors of 1161677862?
2, 3, 7170851
List the prime factors of 1699522086.
2, 3, 1129, 250889
List the prime factors of 929302082.
2, 464651041
What are the prime factors of 37236533?
37236533
List the prime factors of 83089340.
2, 5, 23, 180629
List the prime factors of 331788975.
3, 5, 7, 631979
What are the prime factors of 34208931?
3, 11402977
What are the prime factors of 37488733?
37, 43, 23563
What are the prime factors of 1709097667?
1709097667
List the prime factors of 623365756.
2, 13, 19, 263, 2399
List the prime factors of 1563857879.
1563857879
List the prime factors of 1358160416.
2, 79, 107, 5021
List the prime factors of 592740390.
2, 3, 5, 11, 1796183
List the prime factors of 1127025127.
2659, 423853
What are the prime factors of 590252839?
11, 191, 280939
What are the prime factors of 125409705?
3, 5, 859, 9733
List the prime factors of 22368623.
22368623
What are the prime factors of 3269814?
2, 3, 17, 32057
What are the prime factors of 1037200652?
2, 19, 223, 3221
List the prime factors of 41488635.
3, 5, 569, 4861
What are the prime factors of 214641695?
5, 42928339
What are the prime factors of 43258791?
3, 23, 313, 2003
What are the prime factors of 20575434?
2, 3, 11, 311749
List the prime factors of 28500021.
3, 11, 479, 601
List the prime factors of 1691037411.
3, 7, 19, 4238189
List the prime factors of 1185665761.
7, 169380823
What are the prime factors of 59906869?
11, 43, 126653
What are the prime factors of 1304605160?
2, 5, 17, 1918537
What are the prime factors of 350739572?
2, 29, 3023617
List the prime factors of 253340494.
2, 11, 17, 31, 21851
List the prime factors of 1632221484.
2, 3, 136018457
List the prime factors of 857994672.
2, 3, 71, 271, 929
What are the prime factors of 100770507?
3, 3732241
What are the prime factors of 50323497?
3, 7, 29, 82633
List the prime factors of 137246793.
3, 139, 283, 1163
List the prime factors of 89001602.
2, 89, 500009
What are the prime factors of 6666932521?
151, 1259, 35069
What are the prime factors of 472231436?
2, 419, 281761
What are the prime factors of 174303020?
2, 5, 8715151
List the prime factors of 431684595.
3, 5, 1283, 7477
List the prime factors of 1598203339.
1598203339
List the prime factors of 2633479440.
2, 3, 5, 37, 296563
List the prime factors of 3869393165.
5, 11, 59, 1192417
What are the prime factors of 1865085430?
2, 5, 13, 14346811
What are the prime factors of 24330483?
3, 523, 1723
List the prime factors of 78024677.
163, 478679
List the prime factors of 5685321.
3, 431, 4397
List the prime factors of 189263709.
3, 259621
List the prime factors of 19982861.
109, 183329
What are the prime factors of 83246581?
11, 19, 43, 59, 157
What are the prime factors of 537263113?
43, 1531, 8161
List the prime factors of 35248907.
839, 42013
List the prime factors of 552559704.
2, 3, 17, 89, 15217
What are the prime factors of 46344262?
2, 29, 61, 13099
What are the prime factors of 278117999?
79, 3520481
List the prime factors of 41173738.
2, 20586869
List the prime factors of 43899146.
2, 2927, 7499
What are the prime factors of 17911809?
3, 71, 28031
List the prime factors of 37004688.
2, 3, 7, 4079
List the prime factors of 366715112.
2, 131, 349919
List the prime factors of 73779008.
2, 31, 41, 907
List the prime factors of 2363745.
3, 5, 37, 4259
List the prime factors of 3496788665.
5, 541, 1292713
What are the prime factors of 602397505?
5, 139, 866759
What are the prime factors of 24106738?
2, 103, 117023
What are the prime factors of 62071931?
5953, 10427
List the prime factors of 1043199782.
2, 67, 1753, 4441
List the prime factors of 11057736.
2, 3, 431, 1069
List the prime factors of 164963219.
181, 859, 1061
List the prime factors of 7430760.
2, 3, 5, 20641
What are the prime factors of 7464697?
89, 83873
List the prime factors of 2260494803.
7, 2371, 19457
What are the prime factors of 3643122527?
11, 37, 41, 233, 937
List the prime factors of 223969654.
2, 313, 357779
What are the prime factors of 208593653?
208593653
What are the prime factors of 164170733?
53, 149, 20789
What are the prime factors of 51713453?
11, 23, 8887
What are the prime factors of 74231188?
2, 18557797
What are the prime factors of 468834111?
3, 31, 79, 89, 239
What are the prime factors of 153009145?
5, 53, 191, 3023
List the prime factors of 2211630728.
2, 7417, 37273
What are the prime factors of 3477123701?
3477123701
What are the prime factors of 748838604?
2, 3, 31, 1129, 1783
List the prime factors of 37497901.
7, 307, 17449
List the prime factors of 15666120.
2, 3, 5, 43517
List the prime factors of 136631126.
2, 401, 170363
List the prime factors of 196365132.
2, 3, 997, 5471
What are the prime factors of 1223481112?
2, 7, 59, 367, 1009
What are the prime factors of 47464326?
2, 3, 7, 13, 743
List the prime factors of 377285121.
3, 47, 99103
What are the prime factors of 200150236?
2, 11, 13, 349913
List the prime factors of 67629129.
3, 22543043
List the prime factors of 50636185.
5, 10127237
What are the prime factors of 22320461?
22320461
What are the prime factors of 507752417?
83, 97, 63067
What are the prime factors of 2917391020?
2, 5, 6121, 23831
What are the prime factors of 90712958?
2, 7, 233, 27809
What are the prime factors of 6751586194?
2, 41, 1361, 60497
List the prime factors of 291596575.
5, 11663863
What are the prime factors of 916658533?
7, 197, 94961
What are the prime factors of 2161866995?
5, 31, 79, 176551
List the prime factors of 240844888.
2, 163, 191, 967
List the prime factors of 2067985537.
37, 73, 613, 1249
What are the prime factors of 220499590?
2, 5, 31, 557, 1277
What are the prime factors of 1440201?
3, 7, 68581
List the prime factors of 1574279543.
17, 4049, 22871
List the prime factors of 7341086906.
2, 3670543453
What are the prime factors of 75169106?
2, 23, 929, 1759
What are the prime factors of 29773154?
2, 17, 875681
What are the prime factors of 18199409?
139, 311, 421
List the prime factors of 781483929.
3, 31, 8403053
List the prime factors of 5406309746.
2, 29, 83, 661, 1699
What are the prime factors of 3293629014?
2, 3, 13, 67, 173, 3643
List the prime factors of 107998199.
739, 146141
What are the prime factors of 37563258?
2, 3, 31, 201953
List the prime factors of 442378120.
2, 5, 11059453
List the prime factors of 1909407970.
2, 5, 61, 71, 44087
What are the prime factors of 32524539?
3, 10841513
What are the prime factors of 85641481?
53, 383, 4219
What are the prime factors of 490403063?
17, 199, 144961
List the prime factors of 323821995.
3, 5, 7, 3084019
List the prime factors of 2969055183.
3, 79, 12527659
What are the prime factors of 144501861?
3, 7, 6881041
What are the prime factors of 1309014615?
3, 5, 29, 281, 10709
List the prime factors of 46284523.
17, 2722619
What are the prime factors of 9575005?
5, 11, 174091
What are the prime factors of 42795372?
2, 3, 19, 187699
List the prime factors of 1277556389.
1277556389
What are the prime factors of 15211192?
2, 17, 111847
What are the prime factors of 1847939039?
1231, 1501169
List the prime factors of 1440274746.
2, 3, 19, 67, 101, 1867
List the prime factors of 28296796.
2, 11, 151, 4259
List the prime factors of 157900190.
2, 5, 7, 2255717
What are the prime factors of 71968431?
3, 23989477
List the prime factors of 13084779.
3, 4361593
List the prime factors of 3468153023.
6317, 549019
What are the prime factors of 62579585?
5, 12515917
What are the prime factors of 231006954?
2, 3, 38501159
List the prime factors of 12815646.
2, 3, 23, 92867
What are the prime factors of 2510052597?
3, 13, 7151147
List the prime factors of 363840397.
31, 359, 32693
List the prime factors of 61791590.
2, 5, 7, 181, 4877
List the prime factors of 49009026.
2, 3, 11, 67, 11083
What are the prime factors of 56935276?
2, 113, 125963
What are the prime factors of 622470966?
2, 3, 13, 2557, 31